3144?
184
Calculate the highest common divisor of 5908 and 18328093.
1477
Calculate the greatest common divisor of 1999501350 and 1715.
1715
What is the greatest common divisor of 19383 and 965955?
213
What is the greatest common factor of 640185 and 546?
273
Calculate the greatest common factor of 578 and 2613580.
34
Calculate the highest common factor of 24 and 7422462.
6
What is the highest common factor of 11013114 and 42?
42
Calculate the highest common divisor of 907200 and 1717920.
1440
Calculate the greatest common factor of 2736 and 301564656.
2736
What is the highest common factor of 15085984 and 128?
32
What is the greatest common divisor of 3573424 and 336?
16
Calculate the greatest common divisor of 84993 and 6929.
41
Calculate the highest common divisor of 520 and 2281000.
40
Calculate the greatest common factor of 216 and 8259864.
24
What is the highest common factor of 127871757 and 74841?
3939
What is the highest common factor of 45408037 and 119?
17
What is the greatest common factor of 943 and 23493?
41
Calculate the greatest common divisor of 64590 and 1170.
30
What is the greatest common divisor of 2701692 and 420?
84
What is the greatest common divisor of 1596 and 540184820?
532
What is the greatest common divisor of 8046 and 1679022?
54
What is the highest common divisor of 945 and 23520?
105
What is the greatest common divisor of 224534 and 191111?
857
What is the highest common factor of 4209907 and 341665?
2971
Calculate the greatest common divisor of 221917 and 1519387.
709
Calculate the greatest common factor of 31725034 and 21947.
1291
What is the greatest common factor of 17493 and 10085229?
1029
What is the highest common factor of 141552 and 26064?
144
Calculate the greatest common divisor of 1118056 and 37672.
136
What is the greatest common divisor of 12144 and 108537?
759
What is the highest common divisor of 134413 and 183758?
139
What is the greatest common divisor of 212704 and 7072?
544
What is the greatest common factor of 3951264 and 138?
6
What is the greatest common divisor of 15015 and 7153965?
1365
Calculate the greatest common factor of 65612875 and 30.
5
What is the greatest common factor of 22649472 and 4096?
128
What is the greatest common divisor of 3958133 and 15038?
73
What is the highest common divisor of 13795 and 759615?
445
Calculate the greatest common divisor of 315112 and 66164.
476
Calculate the greatest common factor of 2227 and 1097809.
17
What is the highest common factor of 2717269 and 69356?
2477
Calculate the greatest common divisor of 484 and 12998744.
44
Calculate the greatest common divisor of 291127 and 91687.
277
What is the highest common divisor of 4005434 and 282?
94
What is the highest common factor of 33696 and 10348?
52
Calculate the highest common divisor of 7660305 and 3043.
179
Calculate the greatest common divisor of 1324706121 and 9.
9
What is the highest common factor of 73322925 and 1950?
975
Calculate the highest common divisor of 255252529 and 259.
259
Calculate the highest common factor of 163 and 260501873.
163
What is the greatest common factor of 1493060 and 12?
4
What is the greatest common divisor of 58638 and 25796676?
2022
What is the highest common factor of 20372334 and 33798?
786
What is the highest common factor of 775213015 and 95?
95
What is the greatest common factor of 15050 and 287280?
70
What is the greatest common divisor of 685414 and 20750?
166
Calculate the greatest common factor of 4591206 and 2858418.
6822
Calculate the greatest common divisor of 2776 and 34285335.
347
Calculate the greatest common divisor of 2130 and 5927730.
30
Calculate the highest common divisor of 91957107 and 33.
33
Calculate the highest common factor of 1786 and 1323050.
94
Calculate the highest common factor of 48 and 50076948.
12
Calculate the highest common divisor of 1290 and 8585638.
86
Calculate the greatest common factor of 17872744 and 12.
4
Calculate the highest common divisor of 13202 and 123879081.
943
Calculate the greatest common divisor of 488 and 18526.
2
What is the highest common divisor of 4313 and 3457664?
227
What is the greatest common divisor of 877 and 72952368?
877
What is the highest common factor of 442 and 7175139?
17
What is the highest common divisor of 1020792654 and 6636?
3318
Calculate the highest common divisor of 644429 and 14356.
37
Calculate the highest common factor of 615856975 and 1900.
475
What is the greatest common divisor of 15833034 and 54?
18
What is the greatest common divisor of 2042729 and 39?
13
What is the greatest common factor of 2249430897 and 9114?
4557
What is the highest common factor of 648 and 279774?
162
What is the greatest common factor of 138560310 and 90?
90
Calculate the highest common divisor of 305199850 and 622.
622
What is the greatest common factor of 676871827 and 19?
19
What is the highest common factor of 854 and 168729904?
854
What is the highest common divisor of 440098 and 39794?
394
Calculate the greatest common factor of 56889106 and 34.
34
What is the highest common divisor of 10833 and 15587588?
157
Calculate the highest common divisor of 825 and 1512300.
75
Calculate the highest common factor of 992 and 204429996.
124
What is the highest common divisor of 53728262 and 4522?
238
What is the highest common divisor of 1372122 and 172794?
186
What is the greatest common divisor of 27107 and 389?
1
Calculate the highest common factor of 107543 and 1161.
43
What is the highest common divisor of 283290 and 2765?
35
Calculate the greatest common factor of 580 and 19603884.
116
What is the highest common factor of 1624103 and 468?
13
Calculate the highest common divisor of 76443 and 186042.
921
What is the highest common divisor of 248 and 690352?
8
Calculate the greatest common divisor of 307623 and 44835.
183
What is the highest common divisor of 52 and 1732601?
13
Calculate the greatest common factor of 1325111 and 2.
1
What is the highest common divisor of 14935678 and 404?
202
Calculate the greatest common factor of 72 and 1742304.
24
Calculate the greatest common divisor of 2324 and 14793588.
332
What is the highest common divisor of 256 and 206620?
4
Calculate the highest common divisor of 149296 and 845208.
2408
What is the greatest common divisor of 17218374 and 6?
6
Calculate the highest common divisor of 5103 and 514773.
63
What is the highest common divisor of 268 and 83024?
4
Calculate the greatest common factor of 11418 and 10009434.
1038
Calculate the highest common factor of 232 and 7345961.
29
What is the highest common divisor of 32572137 and 494?
247
What is the highest common factor of 2728 and 1969?
11
What is the greatest common factor of 388089 and 222363?
279
Calculate the highest common divisor of 8685622 and 114.
38
Calculate the greatest common divisor of 1392575 and 1908.
53
Calculate the highest common factor of 289901890 and 2806.
2806
Calculate the highest common factor of 44835 and 9553285.
245
Calculate the highest common factor of 3021 and 581145.
159
Calculate the highest common divisor of 51 and 1886847.
51
What is the highest common divisor of 3073 and 342080214?
3073
What is the highest common divisor of 7995 and 18711990?
615
What is the highest common factor of 2594682 and 1551?
141
Calculate the greatest common divisor of 11271940 and 14060.
380
What is the greatest common divisor of 114002385 and 210?
105
Calculate the greatest common factor of 7315 and 895090.
665
What is the greatest common divisor of 21 and 3044293497?
21
Calculate the highest common factor of 72739299 and 165168.
3441
Calculate the greatest common divisor of 10579167 and 2514807.
10611
What is the greatest common divisor of 21714 and 1066758?
462
Calculate the highest common factor of 1262123 and 2826.
157
What is the greatest common divisor of 10698253 and 72488?
697
Calculate the highest common divisor of 648 and 532024.
8
Calculate the greatest common factor of 33 and 32174967.
33
What is the highest common divisor of 14448381 and 447?
447
What is the greatest common factor of 6949688 and 251?
251
What is the highest common divisor of 50984370 and 10?
10
Calculate the greatest common divisor of 71 and 13157436.
71
What is the greatest common factor of 50 and 656448540?
10
